 common divisor of 870 and 9222?
174
Calculate the highest common divisor of 154 and 176.
22
Calculate the greatest common divisor of 1062 and 3.
3
What is the greatest common factor of 740 and 8?
4
Calculate the highest common factor of 203 and 116.
29
Calculate the highest common factor of 4000 and 5.
5
What is the greatest common factor of 420 and 735?
105
What is the greatest common divisor of 9826 and 34?
34
Calculate the greatest common factor of 870 and 116.
58
Calculate the greatest common divisor of 450 and 650.
50
Calculate the highest common divisor of 425 and 68.
17
What is the greatest common factor of 1500 and 84?
12
Calculate the greatest common factor of 2002 and 26.
26
Calculate the highest common factor of 308 and 728.
28
What is the highest common factor of 98 and 14?
14
Calculate the greatest common divisor of 472 and 8.
8
Calculate the highest common divisor of 338 and 1846.
26
Calculate the greatest common divisor of 1122 and 66.
66
What is the greatest common factor of 3799 and 29?
29
Calculate the highest common divisor of 2482 and 292.
146
Calculate the highest common divisor of 18 and 7962.
6
What is the greatest common divisor of 115 and 585?
5
What is the highest common factor of 7 and 14?
7
What is the greatest common divisor of 4836 and 156?
156
What is the highest common divisor of 52 and 117?
13
Calculate the highest common factor of 9 and 801.
9
Calculate the greatest common factor of 22032 and 68.
68
Calculate the greatest common factor of 54 and 783.
27
What is the greatest common factor of 14 and 182?
14
What is the highest common factor of 23 and 368?
23
Calculate the greatest common factor of 4191 and 99.
33
What is the greatest common divisor of 26 and 208?
26
What is the highest common divisor of 78 and 2496?
78
What is the greatest common factor of 25 and 475?
25
Calculate the greatest common factor of 1 and 4.
1
Calculate the greatest common divisor of 29 and 42079.
29
What is the highest common factor of 319 and 11?
11
Calculate the highest common divisor of 6 and 168.
6
What is the highest common divisor of 704 and 20?
4
Calculate the highest common divisor of 8 and 260.
4
Calculate the highest common divisor of 1379 and 2561.
197
What is the greatest common divisor of 589 and 155?
31
What is the highest common divisor of 324 and 729?
81
Calculate the greatest common divisor of 308 and 84.
28
Calculate the highest common factor of 44 and 242.
22
Calculate the greatest common divisor of 946 and 86.
86
What is the greatest common factor of 649 and 22?
11
What is the highest common factor of 30 and 78?
6
What is the greatest common factor of 220 and 396?
44
Calculate the greatest common divisor of 1026 and 38.
38
Calculate the highest common factor of 18230 and 10.
10
What is the greatest common factor of 640 and 17440?
160
What is the greatest common factor of 625 and 13875?
125
Calculate the highest common divisor of 205 and 1599.
41
What is the highest common factor of 64 and 632?
8
Calculate the highest common divisor of 5 and 5.
5
Calculate the greatest common factor of 312 and 10842.
78
What is the highest common divisor of 2944 and 46?
46
Calculate the highest common divisor of 265 and 159.
53
Calculate the highest common factor of 119 and 2261.
119
What is the greatest common factor of 1159 and 38?
19
What is the greatest common factor of 2750 and 990?
110
What is the greatest common factor of 16 and 430?
2
What is the greatest common divisor of 465 and 35?
5
Calculate the highest common factor of 54 and 1242.
54
What is the highest common divisor of 108 and 96?
12
Calculate the highest common factor of 4 and 4.
4
What is the highest common divisor of 120 and 3465?
15
Calculate the highest common divisor of 24996 and 12.
12
What is the highest common divisor of 22 and 242?
22
What is the greatest common factor of 9900 and 693?
99
Calculate the highest common factor of 8888 and 176.
88
Calculate the highest common divisor of 268 and 124.
4
What is the highest common factor of 117 and 624?
39
What is the highest common divisor of 8 and 164?
4
What is the greatest common factor of 208 and 1716?
52
What is the highest common divisor of 24765 and 195?
195
Calculate the greatest common divisor of 19 and 456.
19
Calculate the highest common factor of 4205 and 58.
29
What is the highest common divisor of 399 and 2185?
19
What is the highest common factor of 390 and 2496?
78
What is the greatest common factor of 3 and 169?
1
What is the highest common factor of 24 and 16428?
12
What is the highest common factor of 702 and 54?
54
What is the highest common factor of 5 and 155?
5
Calculate the greatest common divisor of 7611 and 177.
177
Calculate the greatest common factor of 30 and 42.
6
Calculate the greatest common divisor of 32 and 13000.
8
Calculate the highest common divisor of 800 and 125.
25
Calculate the highest common factor of 1843 and 19.
19
Calculate the highest common factor of 9 and 45.
9
What is the highest common factor of 1073 and 1517?
37
Calculate the greatest common divisor of 362 and 5249.
181
What is the greatest common factor of 8 and 12024?
8
Calculate the greatest common factor of 999 and 432.
27
What is the highest common factor of 22 and 143?
11
Calculate the highest common divisor of 43 and 387.
43
Calculate the greatest common divisor of 200 and 160.
40
Calculate the highest common divisor of 1 and 16.
1
What is the highest common factor of 30 and 10?
10
Calculate the greatest common divisor of 52 and 15171.
13
Calculate the greatest common divisor of 1034 and 1128.
94
Calculate the greatest common factor of 88 and 3036.
44
What is the greatest common factor of 39 and 65?
13
What is the greatest common factor of 944 and 48?
16
Calculate the greatest common factor of 5190 and 210.
30
What is the highest common divisor of 5 and 8775?
5
Calculate the highest common divisor of 144 and 1608.
24
What is the greatest common factor of 9084 and 60?
12
What is the highest common factor of 92 and 4?
4
What is the greatest common divisor of 510 and 54?
6
Calculate the highest common factor of 2408 and 168.
56
What is the greatest common divisor of 75 and 6?
3
Calculate the highest common factor of 184 and 224.
8
What is the greatest common factor of 264 and 2013?
33
What is the greatest common divisor of 34 and 14807?
17
Calculate the greatest common divisor of 12 and 8.
4
Calculate the greatest common factor of 112 and 105.
7
What is the highest common factor of 4165 and 1225?
245
Calculate the greatest common factor of 4384 and 96.
32
Calculate the greatest common divisor of 120 and 352.
8
What is the highest common divisor of 236 and 3245?
59
What is the highest common factor of 3551 and 335?
67
What is the highest common divisor of 372 and 2511?
93
Calculate the highest common divisor of 469 and 791.
7
Calculate the highest common divisor of 80 and 1920.
80
What is the greatest common divisor of 120 and 648?
24
Calculate the highest common factor of 635 and 2032.
127
What is the highest common divisor of 11658 and 116?
58
Calculate the highest common factor of 28 and 364.
28
What is the greatest common divisor of 3 and 4?
1
Calculate the highest common factor of 280 and 15848.
56
Calculate the greatest common divisor of 1603 and 14.
7
What is the highest common factor of 441 and 9?
9
Calculate the highest common factor of 54 and 6174.
18
Calculate the highest common divisor of 804 and 108.
12
What is the highest common factor of 83747 and 83?
83
What is the greatest common divisor of 279 and 135?
9
What is the greatest common factor of 3130 and 30?
10
Calculate the greatest common factor of 1443 and 273.
39
What is the greatest common divisor of 3516 and 60?
12
What is the highest common divisor of 555 and 45?
15
What is the greatest common factor of 4648 and 35?
7
Calculate the greatest common factor of 20 and 2090.
10
Calculate the greatest common factor of 57 and 285.
57
Calculate the highest common factor of 9 and 129.
3
What is the highest common divisor of 12 and 678?
6
Calculate the greatest common divisor of 105 and 168.
21
Calculate the highest common factor of 1668 and 12.
12
Calculate the greatest common divisor of 814 and 55.
11
What is the highest common factor of 1